{"id":13984,"date":"2022-12-01T13:42:49","date_gmt":"2022-12-01T12:42:49","guid":{"rendered":"https:\/\/story-to-go.com\/?post_type=ngo_pages&#038;p=13984"},"modified":"2023-01-18T15:16:58","modified_gmt":"2023-01-18T14:16:58","slug":"concordia","status":"publish","type":"ngo_pages","link":"https:\/\/story-to-go.com\/fr\/ngo_pages\/concordia\/","title":{"rendered":"Concordia"},"content":{"rendered":"\n<p>Concordia setzt sich f\u00fcr benachteiligte Kinder, Jugendliche und Familien aus Osteuropa ein.<\/p>\n","protected":false},"author":2,"featured_media":13986,"parent":0,"menu_order":50,"template":"","class_list":["post-13984","ngo_pages","type-ngo_pages","status-publish","has-post-thumbnail","hentry"],"acf":[],"uagb_featured_image_src":{"full":["https:\/\/story-to-go.com\/wp-content\/uploads\/2022\/12\/concordia-bg.jpg",680,520,false],"thumbnail":["https:\/\/story-to-go.com\/wp-content\/uploads\/2022\/12\/concordia-bg-150x150.jpg",150,150,true],"medium":["https:\/\/story-to-go.com\/wp-content\/uploads\/2022\/12\/concordia-bg-300x229.jpg",300,229,true],"medium_large":["https:\/\/story-to-go.com\/wp-content\/uploads\/2022\/12\/concordia-bg.jpg",680,520,false],"large":["https:\/\/story-to-go.com\/wp-content\/uploads\/2022\/12\/concordia-bg.jpg",680,520,false],"1536x1536":["https:\/\/story-to-go.com\/wp-content\/uploads\/2022\/12\/concordia-bg.jpg",680,520,false],"2048x2048":["https:\/\/story-to-go.com\/wp-content\/uploads\/2022\/12\/concordia-bg.jpg",680,520,false],"web-stories-poster-portrait":["https:\/\/story-to-go.com\/wp-content\/uploads\/2022\/12\/concordia-bg-640x520.jpg",640,520,true],"web-stories-publisher-logo":["https:\/\/story-to-go.com\/wp-content\/uploads\/2022\/12\/concordia-bg-96x96.jpg",96,96,true],"web-stories-thumbnail":["https:\/\/story-to-go.com\/wp-content\/uploads\/2022\/12\/concordia-bg-150x115.jpg",150,115,true]},"uagb_author_info":{"display_name":"Dagmar Mandl-Werner","author_link":"https:\/\/story-to-go.com\/fr\/author\/dmandl\/"},"uagb_comment_info":0,"uagb_excerpt":"Concordia setzt sich f\u00fcr benachteiligte Kinder, Jugendliche und Familien aus Osteuropa ein.","featured_img":"https:\/\/story-to-go.com\/wp-content\/uploads\/2022\/12\/concordia-bg.jpg","coauthors":[],"author_meta":{"author_link":"https:\/\/story-to-go.com\/fr\/author\/dmandl\/","display_name":"Dagmar Mandl-Werner"},"relative_dates":{"created":"Publi\u00e9 3 ans il y a","modified":"Mis \u00e0 jour 3 ans il y a"},"absolute_dates":{"created":"Publi\u00e9 le 1 d\u00e9cembre 2022","modified":"Mise \u00e0 jour le 18 janvier 2023"},"absolute_dates_time":{"created":"Publi\u00e9 le 1 d\u00e9cembre 2022 13h42","modified":"Mise \u00e0 jour le 18 janvier 2023 15h16"},"featured_img_caption":"","tax_additional":[],"series_order":"","_links":{"self":[{"href":"https:\/\/story-to-go.com\/fr\/wp-json\/wp\/v2\/ngo_pages\/13984","targetHints":{"allow":["GET"]}}],"collection":[{"href":"https:\/\/story-to-go.com\/fr\/wp-json\/wp\/v2\/ngo_pages"}],"about":[{"href":"https:\/\/story-to-go.com\/fr\/wp-json\/wp\/v2\/types\/ngo_pages"}],"wp:featuredmedia":[{"embeddable":true,"href":"https:\/\/story-to-go.com\/fr\/wp-json\/wp\/v2\/media\/13986"}],"wp:attachment":[{"href":"https:\/\/story-to-go.com\/fr\/wp-json\/wp\/v2\/media?parent=13984"}],"curies":[{"name":"wp","href":"https:\/\/api.w.org\/{rel}","templated":true}]}}

<p>Concordia setzt sich für benachteiligte Kinder, Jugendliche und Familien aus Osteuropa ein.</p>

Concordia setzt sich für benachteiligte Kinder, Jugendliche und Familien aus Osteuropa ein.

Publié 3 ans il y a

Mis à jour 3 ans il y a

Publié le 1 décembre 2022

Mise à jour le 18 janvier 2023

Publié le 1 décembre 2022 13h42

Mise à jour le 18 janvier 2023 15h16
